isor of d and 4634?
14
Let k = 27578 - 27518. Calculate the greatest common factor of 7392 and k.
12
Suppose 10 + 12 = -z. Suppose 132 = -4*l + 3*p - 29, -98 = 2*l + 2*p. Let b = z - l. What is the greatest common divisor of b and 22?
22
Suppose -7878 = -3*g - 5*t, 3046 = g - t + 436. What is the greatest common factor of 120 and g?
24
Suppose -3*x + 6*x + 5*f = 358, 642 = 5*x - 3*f. Suppose -2*p = -1204 + x. Calculate the greatest common divisor of 49 and p.
49
Suppose -4*k - 59 = 5*z, 6*k + 2*z + 95 = k. Let g be 351*(k/9 - -3). Let n = 43 + -17. What is the highest common factor of g and n?
26
Suppose 0 = t - 28 + 25. Suppose -93 + t = -5*g. Suppose -2*f - 2*i = -10 - 22, 10 = -5*i. What is the greatest common factor of f and g?
18
Suppose -5*x = -n - 163, 2*x + 11*n - 73 = 14*n. Calculate the highest common divisor of x and 28384.
32
Let q(x) = -1258*x - 10063. Let u be q(-8). Let o(d) = d**3 + 8*d**2 + 11. Let k be o(-8). What is the greatest common divisor of u and k?
1
Let p be (-1 - -41)*-135*24/(-300). Suppose l - p = -408. Calculate the highest common divisor of l and 8.
8
Let w be ((-1)/(-5))/((-2)/(-170)). Let u = 1539 - 842. What is the greatest common divisor of w and u?
17
Let h(l) = -3*l - 11. Let a be h(13). Let j = a - -21. Let d = 72 + j. Calculate the highest common factor of d and 387.
43
Suppose 3*j - 2*k = 699, 5*j + 3*k + 567 = 1751. Let h = -230 + j. What is the highest common factor of h and 145?
5
Suppose 10*l - 13*l = -43 - 101. Calculate the highest common divisor of 616 and l.
8
Let t = -152 - -200. Calculate the greatest common divisor of 3408 and t.
48
Let d be (-32)/(-4) + -7 - ((-12)/4 + -11). What is the greatest common factor of d and 5505?
15
Suppose 32*m - 31*m + 1049 = 3*r, -4*r - 5*m + 1405 = 0. Calculate the highest common factor of 378 and r.
14
Let l be 3/(4*(-6)/(-16)) - 2. Suppose -6*n + 11*n - 10 = l. Let j be n/(-2) + (-38)/(-2). Calculate the highest common divisor of 180 and j.
18
Let n(b) = 5*b**2 - 4*b + 3. Let w be n(6). Let z be 1 - ((-30)/(-10) + (-8 - -3)). Calculate the highest common factor of w and z.
3
Let b be (12/10)/((-16)/(-40)). Suppose 0 = b*x - 4*x + r + 40, 4*x - 158 = 2*r. What is the highest common factor of 65 and x?
13
Let i = -660 + 669. Suppose 0 = 2*j + 3*j - 485. Let g = j + -34. What is the greatest common divisor of g and i?
9
Suppose -q + 4*q - 27 = 3*g, -q + 1 = -3*g. Suppose 70*i - 111*i = -10127. What is the greatest common divisor of i and q?
13
Let i(j) = j**2 + 6. Let u be (11/33)/(1/6). Suppose 5*d - 3*z + 40 = 0, 5*d + u*z + 40 = -0*d. Let q be i(d). What is the highest common factor of q and 28?
14
Suppose 2*r - 9846 = -4*c, 5*r - 10*c - 24603 = -16*c. What is the greatest common divisor of 33 and r?
33
Suppose 14*l + 6*p - 117 = 5*p, 2*l - 11 = p. What is the highest common factor of 722 and l?
2
Suppose -5*h + 20899 = 3*x, 20*x - 13935 = 18*x - h. Calculate the greatest common factor of x and 26.
26
Let d(g) = g**2 - g - 2. Let u be d(-4). Let h(m) = m**2 - 14*m - 2. Let j be h(16). Let f = -3 + j. What is the highest common divisor of f and u?
9
Let f(c) = 28*c**2 + 3*c + 14. Suppose t = 4*q - 0 + 5, 5*t + 4*q + 23 = 0. Let m be f(t). Let d = m - -39. Calculate the highest common factor of d and 37.
37
Let j = -84 - -126. Let h(b) = -4*b**3 + 2*b**2 - b + 3. Let a be h(-3). Let u = a + 78. What is the highest common factor of j and u?
42
Let t be 1609800/2580 + (-6)/(-129). What is the greatest common factor of t and 1200?
48
Suppose 9546*k - 9420*k - 174 - 78 = 0. Suppose 10 + 10 = 4*f, 35 = 5*r + f. Calculate the highest common factor of r and k.
2
Let o be 9 + (-15)/((-6)/(-468)*-6). What is the greatest common divisor of 1496 and o?
68
Let m be (-12)/(((-15)/6)/5). Suppose 5*f - f - 1056 = 0. Calculate the greatest common divisor of m and f.
24
Let r be (2 - (3 + -2)) + 4. Suppose 2*u + 0*q - 19 = -q, -13 = -2*u + r*q. Let j = 18269 + -18134. What is the greatest common divisor of u and j?
9
Suppose 5*n = 5*w - 3240, -251*w + 254*w = n + 1940. What is the greatest common divisor of w and 374?
34
Suppose -r - t + 3*t + 12 = 0, -t + 3 = 0. Let s(g) = g**2 - 11*g + 66. Let a be s(r). What is the highest common factor of 12 and a?
12
Let h(m) = 5*m**2 + 2*m - 42. Let g(c) = 26*c**2 + 9*c - 210. Let w(d) = -2*g(d) + 11*h(d). Let a be w(-8). Calculate the highest common divisor of a and 177.
59
Suppose -24 = -4*y - 0*y. Let x(l) = -72*l - 30. Let r be x(-8). Suppose 2*h - 15*h + r = 0. What is the highest common divisor of y and h?
6
Suppose -20*a = -11*a - 387. Suppose -32 = -3*u + a. What is the highest common divisor of u and 575?
25
Let s(j) = -1033*j + 8706. Let v be s(8). Calculate the highest common divisor of 544 and v.
34
Let r be 360/165 - (-4)/(-22). Suppose -x - 414 = 3*m - 91, m = r*x + 625. Let t = -125 - x. Calculate the greatest common divisor of t and 27.
27
Let i(d) = -d**3 - 38*d**2 - 26*d + 416. Let v be i(-37). Let n = 62 + 130. Suppose v*l - n = l. What is the greatest common factor of 120 and l?
24
Let f = 43 + -51. Let p be (88/5)/((f/(-4))/10). Suppose -5 + 17 = 2*h - 5*z, 2*z = 2*h - 18. Calculate the highest common divisor of h and p.
11
Suppose 182*s - 181*s = 692. Let v = -683 + s. Calculate the highest common factor of v and 171.
9
Let p = 20348 + -19961. What is the greatest common divisor of 688 and p?
43
Let y be -2 + -4*111/(-12). Suppose 3*i - 8*i = -y. Calculate the greatest common divisor of 7 and i.
7
Let d be (9/(-6))/(3/(-126)). Let m be (-4*13 - 2) + (2 - -1). Let c = m + 58. What is the greatest common divisor of d and c?
7
Let q be 46 - (171/19 - 19). What is the greatest common divisor of q and 1652?
28
Let p = 539 - -792. What is the greatest common factor of 55 and p?
11
Let t be (-1)/7 - (-344)/7. Let o = 52 - t. Suppose -2*w - o*w + 765 = 0. Calculate the highest common factor of w and 17.
17
Let b be 1182/(-14)*(-2429)/1041. Calculate the greatest common factor of 20094 and b.
197
Let a be (-3 - ((-140)/8)/5)*76. Let b = 40 - a. Let f be (-2)/4 + 17/2. What is the highest common divisor of f and b?
2
Let z = 696 + -390. Let w(j) = j**2 + 951*j - 3803. Let y be w(4). What is the highest common factor of z and y?
17
Let x be 3/1 - (163840/(-700) - (-2)/35). What is the highest common divisor of 632 and x?
79
Let v(u) be the first derivative of u**3/3 - 3*u**2/2 - 13*u + 187. Let l be v(6). Calculate the highest common divisor of l and 460.
5
Let n = 335 - 128. Suppose -n*x - 60 = -211*x. Calculate the highest common divisor of x and 15.
15
Let j be 10/(-45) + (-785)/(-9). Let q = j + -39. What is the greatest common divisor of 96 and q?
48
Suppose 5*r = 2*r + 9. Suppose 0 = -81*w + 76*w + 3*l + 1098, -4*l = 2*w - 408. What is the greatest common factor of w and r?
3
Let c be -1*12/4*(-25)/3. Let n(j) = -3*j**3 + 2*j - 1. Let d be n(1). Let h be (-60)/d*40/c. Calculate the greatest common factor of 72 and h.
24
Let c = -399 - -669. Let q = c + -207. What is the highest common divisor of q and 294?
21
Let v be (-18)/(-126)*259*(6 - -3). What is the highest common factor of v and 261?
9
Suppose -28*b = 2*k - 33*b - 390, 3*b - 358 = -2*k. Suppose n + s = 39, 0 = -s + 2. What is the highest common divisor of k and n?
37
Let v be ((-41)/(-44) + 12/(-66))*-24. Let z be 4/v*15*39. Let h be (z/3)/(4/(-6)). Calculate the greatest common divisor of 13 and h.
13
Let l be 4643/(-6) + (-27)/162. Let c = 779 + l. Calculate the greatest common divisor of 25 and c.
5
Let d(f) be the second derivative of -f**5/20 - f**4 + 7*f**3/6 - 23*f**2/2 + 192*f. Let p be d(-13). What is the greatest common factor of 44 and p?
11
Let t = -3623 + 3815. Calculate the greatest common divisor of 600 and t.
24
Let d be (17/(-2))/(-15 - (-9832)/656). Let j = 75 - 34. What is the greatest common divisor of j and d?
41
Let d be 134/14 + 3/7. Let k(q) = 5*q**2 - 2*q + 1. Let u be k(4). Let i = 123 - u. Calculate the greatest common divisor of i and d.
10
Let i = 310 - 308. Suppose -2*p + t + 912 = 3*p, -3*p + i*t + 550 = 0. What is the greatest common factor of p and 52?
26
Suppose 5*l - 150 = 4*l. Suppose -196*i + 585 - 236 = -631. Calculate the greatest common factor of l and i.
5
Let r = 14407 - 5530. Calculate the greatest common factor of 